{"id":17,"date":"2019-12-21T22:50:10","date_gmt":"2019-12-21T22:50:10","guid":{"rendered":"https:\/\/sunshinelandfill.com.au\/?page_id=17"},"modified":"2023-11-19T20:56:39","modified_gmt":"2023-11-19T20:56:39","slug":"homepage","status":"publish","type":"page","link":"https:\/\/sunshinelandfill.com.au\/","title":{"rendered":"Homepage"},"content":{"rendered":"<p>[vc_row css_animation=&#8221;&#8221; row_type=&#8221;row&#8221; use_row_as_full_screen_section=&#8221;no&#8221; type=&#8221;grid&#8221; angled_section=&#8221;no&#8221; text_align=&#8221;left&#8221; background_image_as_pattern=&#8221;without_pattern&#8221; z_index=&#8221;&#8221; padding_top=&#8221;50&#8243; padding_bottom=&#8221;50&#8243;][vc_column][vc_column_text]<\/p>\n<h1>Latest News<\/h1>\n<p>[\/vc_column_text][vc_empty_space height=&#8221;50px&#8221;][vc_column_text]The EPA has charged Barro with criminal offences under the Environment Protection Act 2017 (Vic) in respect of Barro\u2019s operations at the Kealba landfill. As a result, this matter is now before the courts, and it is no longer appropriate for Barro to make any public comment in respect to the operations of the landfill.<\/p>\n<p>&nbsp;<\/p>\n<p>Between late November 2023 and the end of January 2024, a drilling program will be carried out to enable monitoring of gas within the landfill. This is required to understand the status of the last remaining hotspot within the landfill. The drilling program is expected to last for approximately 35 business days. The gas monitoring is part of Barro&#8217;s continued efforts to remediate the last hotspot.[\/vc_column_text][vc_empty_space][\/vc_column][\/vc_row][vc_row css_animation=&#8221;&#8221; row_type=&#8221;row&#8221; use_row_as_full_screen_section=&#8221;no&#8221; type=&#8221;grid&#8221; angled_section=&#8221;no&#8221; text_align=&#8221;left&#8221; background_image_as_pattern=&#8221;without_pattern&#8221; z_index=&#8221;&#8221; padding_top=&#8221;50&#8243; padding_bottom=&#8221;50&#8243; anchor=&#8221;remediation&#8221; css=&#8221;.vc_custom_1613515622828{background-color: #ffffff !important;}&#8221;][vc_column][vc_column_text]<\/p>\n<h1>Community Forum<\/h1>\n<p>[\/vc_column_text][vc_empty_space height=&#8221;50px&#8221;][vc_column_text]<\/p>\n<p style=\"font-weight: 400;\">The views of residents and talking with our community has been important to us, which is why we have letterboxed updates on remediation works, conducted Community Forums and participated in meetings with residents, as well as local and state government representatives since the commencement of remediation works.<\/p>\n<p>&nbsp;<\/p>\n<p style=\"font-weight: 400;\">However, The EPA has recently charged Barro with criminal offences under the Environment Protection Act 2017 (Vic) in respect of Barro&#8217;s operations at the Kealba landfill. As a result, this matter is now before the courts and it is no longer appropriate for Barro to make any public comment in respect to the operations of the landfill, including by conducting community meetings and\/or providing updates on this site and at our Facebook page.<\/p>\n<p>[\/vc_column_text][vc_empty_space][\/vc_column][\/vc_row][vc_row css_animation=&#8221;&#8221; row_type=&#8221;row&#8221; use_row_as_full_screen_section=&#8221;no&#8221; type=&#8221;grid&#8221; angled_section=&#8221;no&#8221; text_align=&#8221;left&#8221; background_image_as_pattern=&#8221;without_pattern&#8221; z_index=&#8221;&#8221; padding_top=&#8221;50&#8243; padding_bottom=&#8221;50&#8243; anchor=&#8221;air-quality&#8221;][vc_column][vc_column_text]<\/p>\n<h1>Air Quality<\/h1>\n<p>[\/vc_column_text][vc_empty_space height=&#8221;50px&#8221;][vc_column_text]Air Quality during the Remediation Works is being monitored through a range of measures and which are approved by the Environment Protection Authority.<\/p>\n<p>&nbsp;<\/p>\n<p>Air Quality testing undertaken by Sunshine Landfill is independently analysed, verified and shared with the EPA, which states that \u201cair quality monitoring has found no issues of concern with respect to human health to date and it expects there will continue to be no health impacts.\u201d<\/p>\n<p>&nbsp;<\/p>\n<p>Air quality is measured against four key substances, which are carbon monoxide, sulfur dioxide, nitrogen dioxide and volatile organic compounds, which are a group of carbon-based chemicals that easily evaporate.<\/p>\n<p>&nbsp;<\/p>\n\r\n\t<a class=\"paoc-popup-click paoc-popup-cust-321 paoc-popup-simple_link paoc-popup-link\" href=\"javascript:void(0);\">Gi\u00e1m s\u00e1t ch\u1ea5t l\u01b0\u1ee3ng kh\u00f4ng kh\u00ed<\/a>\r\n\r\n\n<p>&nbsp;<\/p>\n<p>\r\n\t<a class=\"paoc-popup-click paoc-popup-cust-322 paoc-popup-simple_link paoc-popup-link\" href=\"javascript:void(0);\">\u0645\u0631\u0627\u0642\u0628\u0629 \u062c\u0648\u062f\u0629 \u0627\u0644\u0647\u0648\u0627\u0621<\/a>\r\n\r\n[\/vc_column_text][vc_empty_space][vc_empty_space][\/vc_column][\/vc_row][vc_row css_animation=&#8221;&#8221; row_type=&#8221;row&#8221; use_row_as_full_screen_section=&#8221;no&#8221; type=&#8221;grid&#8221; angled_section=&#8221;no&#8221; text_align=&#8221;left&#8221; background_image_as_pattern=&#8221;without_pattern&#8221; z_index=&#8221;&#8221; padding_top=&#8221;50&#8243; padding_bottom=&#8221;50&#8243; anchor=&#8221;waste&#8221;][vc_column][vc_column_text]<\/p>\n<h1>Waste<\/h1>\n<p>[\/vc_column_text][vc_empty_space height=&#8221;50px&#8221;][vc_column_text]<\/p>\n<p style=\"font-weight: 400;\">Sunshine landfill is not licenced to and DOES NOT ACCEPT HAZARDOUS WASTE and has protocols in place to ensure it continuously meets its licence obligations.<\/p>\n<p style=\"font-weight: 400;\">WASTES NOT ACCEPTED at the site comprise Putrescible Wastes Inc Domestic Garbage and Foodstuffs. Green Organic Garden Wastes. Asbestos. Soluble Chemical Wastes. Liquid Wastes or Wastes Containing Excess Free Water. Offensive Wastes. Prescribed Industrial Wastes. 205 Litre Empty Containers (Drums) or Containers that have Contained Prescribed Industrial Wastes. Oil Filters. Whole Car &amp; Truck Tyres. Gas Cylinders. Car Batteries &amp; Rechargeable Batteries. Paints and Solvents. Cool Room\/Refrigeration Panels.<\/p>\n<p style=\"font-weight: 400;\">It is licenced to take only Solid Inert Wastes. Construction and Demolition Wastes. Shredded Tyres and Cleanfill.<\/p>\n<p>&nbsp;<\/p>\n\r\n\t<a class=\"paoc-popup-click paoc-popup-cust-323 paoc-popup-simple_link paoc-popup-link\" href=\"javascript:void(0);\">Ch\u1ea5t th\u1ea3i b\u1ea5m v\u00e0o \u0111\u00e2y<\/a>\r\n\r\n\n<p>&nbsp;<\/p>\n<p>\r\n\t<a class=\"paoc-popup-click paoc-popup-cust-324 paoc-popup-simple_link paoc-popup-link\" href=\"javascript:void(0);\">\u0627\u0644\u0646\u0641\u0627\u064a\u0627\u062a \u0627\u0646\u0642\u0631 \u0647\u0646\u0627<\/a>\r\n\r\n[\/vc_column_text][\/vc_column][\/vc_row][vc_row css_animation=&#8221;&#8221; row_type=&#8221;row&#8221; use_row_as_full_screen_section=&#8221;no&#8221; type=&#8221;grid&#8221; angled_section=&#8221;no&#8221; text_align=&#8221;left&#8221; background_image_as_pattern=&#8221;without_pattern&#8221; z_index=&#8221;&#8221; anchor=&#8221;about-us&#8221; padding_top=&#8221;50&#8243; padding_bottom=&#8221;50&#8243; css=&#8221;.vc_custom_1613515732736{background-color: #ffffff !important;}&#8221;][vc_column][vc_column_text]<\/p>\n<h1>About Us<\/h1>\n<p>[\/vc_column_text][vc_empty_space height=&#8221;50px&#8221;][vc_column_text]Sunshine Landfill commenced operation in March 2015 after receiving all necessary regulatory approvals from the Environment Protection Authority.<\/p>\n<p>&nbsp;<\/p>\n<p>The landfill site is subject to video security surveillance.<\/p>\n<p>&nbsp;<\/p>\n<p>The landfill site is currently NOT ACCEPTING WASTE as it remediates localised hotspots at the site. Suspension of waste acceptance will remain in force until further notice.<\/p>\n<p>&nbsp;<\/p>\n\r\n\t<a class=\"paoc-popup-click paoc-popup-cust-325 paoc-popup-simple_link paoc-popup-link\" href=\"javascript:void(0);\">V\u1ec1 ch\u00fang t\u00f4i b\u1ea5m v\u00e0o \u0111\u00e2y<\/a>\r\n\r\n\n<p>&nbsp;<\/p>\n<p>\r\n\t<a class=\"paoc-popup-click paoc-popup-cust-326 paoc-popup-simple_link paoc-popup-link\" href=\"javascript:void(0);\">\u0639\u0646\u0627 \u0627\u0646\u0642\u0631 \u0647\u0646\u0627<\/a>\r\n\r\n[\/vc_column_text][\/vc_column][\/vc_row][vc_row css_animation=&#8221;&#8221; row_type=&#8221;row&#8221; use_row_as_full_screen_section=&#8221;no&#8221; type=&#8221;grid&#8221; angled_section=&#8221;no&#8221; text_align=&#8221;left&#8221; background_image_as_pattern=&#8221;without_pattern&#8221; z_index=&#8221;&#8221; padding_top=&#8221;40&#8243; padding_bottom=&#8221;40&#8243; anchor=&#8221;contact-us&#8221;][vc_column][vc_column_text]<\/p>\n<h1>Contact Us<\/h1>\n<p>[\/vc_column_text][vc_empty_space height=&#8221;50px&#8221;]<div class=\"wpforms-container wpforms-container-full\" id=\"wpforms-23\"><form id=\"wpforms-form-23\" class=\"wpforms-validate wpforms-form\" data-formid=\"23\" method=\"post\" enctype=\"multipart\/form-data\" action=\"\/index.php?rest_route=%2Fwp%2Fv2%2Fpages%2F17\" data-token=\"bbf220692a2f2735bf91e617dbc024e3\"><noscript class=\"wpforms-error-noscript\">Please enable JavaScript in your browser to complete this form.<\/noscript><div class=\"wpforms-field-container\"><div id=\"wpforms-23-field_0-container\" class=\"wpforms-field wpforms-field-name\" data-field-id=\"0\"><label class=\"wpforms-field-label\" for=\"wpforms-23-field_0\">Name <span class=\"wpforms-required-label\">*<\/span><\/label><div class=\"wpforms-field-row wpforms-field-medium\"><div class=\"wpforms-field-row-block wpforms-first wpforms-one-half\"><input type=\"text\" id=\"wpforms-23-field_0\" class=\"wpforms-field-name-first wpforms-field-required\" name=\"wpforms[fields][0][first]\" required><label for=\"wpforms-23-field_0\" class=\"wpforms-field-sublabel after \">First<\/label><\/div><div class=\"wpforms-field-row-block wpforms-one-half\"><input type=\"text\" id=\"wpforms-23-field_0-last\" class=\"wpforms-field-name-last wpforms-field-required\" name=\"wpforms[fields][0][last]\" required><label for=\"wpforms-23-field_0-last\" class=\"wpforms-field-sublabel after \">Last<\/label><\/div><\/div><\/div><div id=\"wpforms-23-field_1-container\" class=\"wpforms-field wpforms-field-email\" data-field-id=\"1\"><label class=\"wpforms-field-label\" for=\"wpforms-23-field_1\">Email <span class=\"wpforms-required-label\">*<\/span><\/label><input type=\"email\" id=\"wpforms-23-field_1\" class=\"wpforms-field-medium wpforms-field-required\" name=\"wpforms[fields][1]\" required><\/div><div id=\"wpforms-23-field_2-container\" class=\"wpforms-field wpforms-field-textarea\" data-field-id=\"2\"><label class=\"wpforms-field-label\" for=\"wpforms-23-field_2\">Comment or Message <span class=\"wpforms-required-label\">*<\/span><\/label><textarea id=\"wpforms-23-field_2\" class=\"wpforms-field-medium wpforms-field-required\" name=\"wpforms[fields][2]\" required><\/textarea><\/div><\/div><div class=\"wpforms-field wpforms-field-hp\"><label for=\"wpforms-23-field-hp\" class=\"wpforms-field-label\">Comment<\/label><input type=\"text\" name=\"wpforms[hp]\" id=\"wpforms-23-field-hp\" class=\"wpforms-field-medium\"><\/div><div class=\"wpforms-submit-container\"><input type=\"hidden\" name=\"wpforms[id]\" value=\"23\"><input type=\"hidden\" name=\"wpforms[author]\" value=\"1\"><button type=\"submit\" name=\"wpforms[submit]\" id=\"wpforms-submit-23\" class=\"wpforms-submit\" data-alt-text=\"Sending\u2026\" data-submit-text=\"Submit\" aria-live=\"assertive\" value=\"wpforms-submit\">Submit<\/button><\/div><\/form><\/div>  <!-- .wpforms-container -->[\/vc_column][\/vc_row]<\/p>\n","protected":false},"excerpt":{"rendered":"<p>[vc_row css_animation=&#8221;&#8221; row_type=&#8221;row&#8221; use_row_as_full_screen_section=&#8221;no&#8221; type=&#8221;grid&#8221; angled_section=&#8221;no&#8221; text_align=&#8221;left&#8221; background_image_as_pattern=&#8221;without_pattern&#8221; z_index=&#8221;&#8221; padding_top=&#8221;50&#8243; padding_bottom=&#8221;50&#8243;][vc_column][vc_column_text] Latest News [\/vc_column_text][vc_empty_space height=&#8221;50px&#8221;][vc_column_text]The EPA has charged Barro with criminal offences under the Environment Protection Act 2017 (Vic) in respect of Barro\u2019s operations at the Kealba landfill. As a result, this matter is now&#8230;<\/p>\n","protected":false},"author":1,"featured_media":0,"parent":0,"menu_order":0,"comment_status":"closed","ping_status":"closed","template":"full_width.php","meta":[],"_links":{"self":[{"href":"https:\/\/sunshinelandfill.com.au\/index.php?rest_route=\/wp\/v2\/pages\/17"}],"collection":[{"href":"https:\/\/sunshinelandfill.com.au\/index.php?rest_route=\/wp\/v2\/pages"}],"about":[{"href":"https:\/\/sunshinelandfill.com.au\/index.php?rest_route=\/wp\/v2\/types\/page"}],"author":[{"embeddable":true,"href":"https:\/\/sunshinelandfill.com.au\/index.php?rest_route=\/wp\/v2\/users\/1"}],"replies":[{"embeddable":true,"href":"https:\/\/sunshinelandfill.com.au\/index.php?rest_route=%2Fwp%2Fv2%2Fcomments&post=17"}],"version-history":[{"count":304,"href":"https:\/\/sunshinelandfill.com.au\/index.php?rest_route=\/wp\/v2\/pages\/17\/revisions"}],"predecessor-version":[{"id":788,"href":"https:\/\/sunshinelandfill.com.au\/index.php?rest_route=\/wp\/v2\/pages\/17\/revisions\/788"}],"wp:attachment":[{"href":"https:\/\/sunshinelandfill.com.au\/index.php?rest_route=%2Fwp%2Fv2%2Fmedia&parent=17"}],"curies":[{"name":"wp","href":"https:\/\/api.w.org\/{rel}","templated":true}]}}